e factors of (1 - 0)*(44/11 - -245)?
3, 83
Let d(c) = c**2 - 4*c + 2. Let b(z) = z + 1. Let r(w) = -b(w) - d(w). Let k be r(5). Let f = 31 + k. What are the prime factors of f?
2, 3
Suppose -5*g + 716 = -264. Let c = -88 + g. Suppose -2*f - c = -4*h, 0 = 6*f - f + 10. What are the prime factors of h?
2, 13
What are the prime factors of 2/(-9) + -2*789/(-54)?
29
Let b = -68 + 50. Let s = b - -49. List the prime factors of s.
31
Let r = -38 - -239. What are the prime factors of r?
3, 67
Let f(k) = -k**3 - 4*k + 3. Let o be f(2). Suppose 2*a = 3*t - 6*t - 67, 0 = 4*t - 3*a + 95. Let y = o - t. List the prime factors of y.
2, 5
Let n be 30/(-20)*(-4)/3. Let m(x) = 21*x**2 - 2 - 1 - 7*x**2 + 5*x. What are the prime factors of m(n)?
3, 7
Let f(x) = 407*x - 410. What are the prime factors of f(6)?
2, 127
Let j(b) = -3*b**2 - 3*b + 5. Let c(w) = 8*w**2 + 8*w - 14. Let i(k) = -4*c(k) - 11*j(k). Suppose -88*h = -91*h - 15. What are the prime factors of i(h)?
3, 7
Suppose -3*f + 559 = 259. What are the prime factors of f?
2, 5
Let h(n) = -n + 1. Let u(v) = -v**3 - 11*v**2 + 23*v + 24. Let b(m) = -6*h(m) - u(m). What are the prime factors of b(-11)?
157
Suppose 0 = a + 5*g - 6, -4*g - 19 = -3*a - 1. Suppose -4*q - 7 = -a*q - w, q + 5*w = -19. Let y(d) = 4*d + 4. List the prime factors of y(q).
2, 7
Suppose 3*u = -l - 0 + 1, -4*u - 7 = 3*l. Suppose u*n = 4*n + 8, 0 = 5*p - 2*n + 37. Let c(h) = -2*h + 5. List the prime factors of c(p).
23
Let t = 471 + 137. What are the prime factors of t?
2, 19
Let p be (-1547)/(-6) - 7/(-42). Suppose -98 + p = 5*w. Let f = w - 13. List the prime factors of f.
19
Let v(o) = -6*o**3 - 9*o**2 + 24*o - 15. List the prime factors of v(-8).
3, 7, 109
Let o(k) = -k**3 + 2*k**2 + 43*k + 22. What are the prime factors of o(-8)?
2, 3, 53
Let q = 847 - 516. What are the prime factors of q?
331
Let c(s) = 2*s - 7. Let i be c(6). Let y be 159/15 - 2/(-5). Let n = y - i. What are the prime factors of n?
2, 3
Suppose 2*o - 13 = -r + 22, o = r + 10. Let f be o/(-10) + (-59)/(-2). Let j = f - 23. List the prime factors of j.
5
List the prime factors of 1/(10083/22626 - (-12)/(-27)).
2, 419
Suppose -384 = -2*g - 2*u, -4*u - 73 = -g + 124. List the prime factors of g.
193
Let q = 361 + 421. What are the prime factors of q?
2, 17, 23
Suppose -2*u + 4*s - 19 = -447, 0 = s + 1. List the prime factors of u.
2, 53
What are the prime factors of (-3 - (-1 - 478)) + -1 + 2?
3, 53
Let z(h) = -145*h + 5 + 7 - 13. List the prime factors of z(-1).
2, 3
Let r(b) = b**2 + 4*b - 30. Let p be r(4). List the prime factors of (98 + (-1 - -4))*p.
2, 101
Suppose 0 = -t + 4*t - 9. Let n(b) = -6*b + 22*b**2 + t*b - 2 + 3*b + 2*b. What are the prime factors of n(1)?
2, 11
Let w = -607 + 1019. List the prime factors of w.
2, 103
Let g = 22 - -59. Let w = -114 + g. List the prime factors of (-77)/(-2) - w/22.
2, 5
Suppose 5*w = 24*s - 27*s + 640, -3*w + s + 384 = 0. List the prime factors of w.
2
Suppose 5*c = 5*u - 420, -2*c + u - 153 = 2*u. Let z = c - -147. List the prime factors of z.
2, 17
Let u = 1856 - 404. What are the prime factors of u?
2, 3, 11
Suppose 3*f - 820 = 14. Let w = 423 - f. What are the prime factors of w?
5, 29
Suppose 47*q = 22*q + 8925. List the prime factors of q.
3, 7, 17
Let l(a) = -2*a + 13. Let m be l(5). Let d(y) = -5 + 10 + 8*y + 6 + y**2 + m*y. What are the prime factors of d(-15)?
71
Suppose 0 = 3*l - 7*l - n + 6, -5*l + n + 12 = 0. Suppose 0 = l*k + 61 - 213. List the prime factors of k.
2, 19
Suppose 11*d - 15*d + 3469 = m, -5*d + 4337 = 2*m. What are the prime factors of d?
3, 17
What are the prime factors of 3188 + 13/((-104)/24)?
5, 7, 13
Let v = -33 + 31. What are the prime factors of 34 - (-4 - v - 1)?
37
Suppose 8*w = 11 + 37. Suppose 12*c - 14*c = -w. List the prime factors of c.
3
Let k(b) = 560*b + 1. Let x be k(-2). Let p be (-6)/(x/(-282) - 4). Suppose 0*d - 141 = -3*d + 3*u, 4*u - p = -4*d. What are the prime factors of d?
47
Suppose n - 498 = -2*n. Suppose -f + v - 4*v = -65, -f = 5*v - 55. Suppose -6*o = -f - n. What are the prime factors of o?
41
Let d be (20/15)/(2/3). Suppose 5*z - 30 = -5*p, 5*z - 8 = -p + d. Suppose -5*b + p = -40. What are the prime factors of b?
3
Let c(u) = 16*u**2 - 3*u - 8. Let d = 49 - 52. List the prime factors of c(d).
5, 29
Suppose 0 = 4*d - d - 6. Suppose -5*j + 10 = c - 28, -d*j = 0. Suppose -w + c = w. What are the prime factors of w?
19
Let z be (6/27)/(2/18). Suppose -i = -4*w - 41, -4*i - 2 + 40 = -2*w. What are the prime factors of (2 + -8)*w/z?
3
Let t = 727 + -78. What are the prime factors of t?
11, 59
Suppose -6*s + 11147 = 3221. What are the prime factors of s?
1321
Suppose 8*a - 125 = 3*a. Suppose -2*q - a = -d + 3*q, -4*q = 20. Suppose 10*b - 9*b - 43 = d. List the prime factors of b.
43
Let d = -178 - -1925. What are the prime factors of d?
1747
Let w be 14 + -1 - 3/1. Let v(g) = 5*g + 9*g + 19 - g - 12*g. What are the prime factors of v(w)?
29
Let x = 4 - -1. Suppose 3 = 3*t + 2*l - 0, -5*t = 4*l - x. What are the prime factors of 0/(1 + t) - -20?
2, 5
Suppose -3*k + 3*c - c + 4 = 0, 0 = -3*k - 2*c - 4. Suppose k = 4*i + b - 163, 4*i + 2*b = -0*b + 162. Suppose -2*n = -i + 11. What are the prime factors of n?
3, 5
Let l be (-2)/(-4)*0/1. Suppose l = 6*v - 10*v + 520. Let d = v + -86. What are the prime factors of d?
2, 11
Let a be (-7)/(-35) - (-658)/10. Let s = a - 30. Suppose -4*g = -s - 44. List the prime factors of g.
2, 5
Let p = -61 - -327. List the prime factors of p.
2, 7, 19
Suppose -143 - 82 = -5*w. Let x = w - 27. List the prime factors of (-405)/x*30/(-9).
3, 5
Suppose 0 = -o + 2*r - 92 + 430, -5*o + 3*r = -1697. Suppose 5*h - 5*u - o = -0*u, 133 = 2*h + u. List the prime factors of h.
67
What are the prime factors of (-2811)/(-7) - 2/14*-3?
2, 3, 67
Suppose 0 = 3*f - 8*f - 2*i - 2, -f + 2 = -2*i. Let t(d) = 2*d + 22. Let j be t(f). Suppose 3*h + j - 154 = 0. What are the prime factors of h?
2, 11
Suppose -13*t - 861 = -10*t. Let d = t + 501. List the prime factors of d.
2, 107
Let y = 2052 + -34. List the prime factors of y.
2, 1009
Suppose 0*s - u = -2*s - 11, -5*s - 4*u - 8 = 0. What are the prime factors of -2 + s + 4 - -57?
5, 11
Let h(o) = 34*o - 26. What are the prime factors of h(8)?
2, 3, 41
Let p(a) be the third derivative of 0*a - 1/12*a**4 + 0 - a**2 + 1/60*a**5 - 7/6*a**3. List the prime factors of p(7).
2, 7
List the prime factors of ((-2)/(-5) + 2)/((-135)/(-161100)).
2, 179
Let t be ((-8)/(-12))/((-1)/(-69)). Suppose 16*d = 17*d - t. List the prime factors of d.
2, 23
Let r(s) = -s**3 - 7*s**2 - s - 6. Let u be r(-7). Let p be 1/2*0*u. Suppose -3*x + p*x = -4*h - 18, -4*h = 12. List the prime factors of x.
2
Let f = -18 + 18. Suppose -t - 5*j + 35 = f, 3*t + 2*j - 244 = -2*t. What are the prime factors of t?
2, 5
List the prime factors of (7/(-2) - -1)*47688/(-60).
1987
List the prime factors of 260*8/(-48)*-3.
2, 5, 13
Let d(c) = -c**3 - 33*c**2 + 3*c + 28. Let j be d(-33). Let q(z) = -113*z + 2. Let b be q(1). Let h = j - b. List the prime factors of h.
2, 5
Let l(m) = -m - 8. Let k be l(-10). Let o be (7 + -7)*1/k. Suppose 4*x = o, -2*x = -g - 4 + 9. List the prime factors of g.
5
Let m = 2136 - 1349. List the prime factors of m.
787
Suppose -4*t = 4 + 8. Let o be t/1*(-7 + 2). What are the prime factors of (-5)/o + (-56)/(-6)?
3
Let b = -233 + 505. What are the prime factors of b?
2, 17
Let a(y) = 9*y**2 - 61*y + 22. What are the prime factors of a(-13)?
2, 73
Suppose 1651 = -3*i + 5137. What are the prime factors of i?
2, 7, 83
Suppose -4*y = -2*l + 518, 0*l = -l + 3*y + 256. List the prime factors of l.
5, 53
Let v(m) = -22 + 9*m**2 + 23*m - 24 + 43 + 2*m**3 - 3*m**3. List the prime factors of v(11).
2
Let j(z) be the second derivative of -5*z**3/2 + z**2/2 + 16*z. List the prime factors of j(-2).
31
Let v = -11 - -20. Suppose 2*n - 5*y = 30, v*y + 80 = 4*n + 4*y. Suppose -5*p - 4*t + 185 = n, -128 = -4*p + 5*t. List the prime factors of p.
2
What are the prime factors of (2212/(-79))/((-2)/9)?
2, 3, 7
Let u(p) = 52*p - 63. List the prime factors of u(16).
769
Let j = 220 + 182. What are the prime factors of (j/4)/3*2?
67
What are the prime factors of 363818/442 - (-4)/(-34)?
823
Let k = -425 + 608. Suppose -2*l + 5*y + k = -0*y, 3